- 31*l + 550 = -34*l. What is the hundreds digit of d?
1
Suppose -2*j + 3*v + 151 = 0, -4*j + 4*v = -0*v - 304. Suppose 2*d = 2*t - 402, 2*t = 5*d + 316 + j. What is the hundreds digit of t?
2
Let v = -22438 - -35574. What is the thousands digit of v?
3
Let c(x) = -x**3 - 15*x**2 - 14*x + 5. Let z be c(-14). Suppose v - 19 = 4*v - f, -z*f = -5. What is the units digit of v/(-30) + (-657)/(-15)?
4
Let q(v) = v**3 - v**2 + 2*v + 1. Let k(h) = 17*h**3 - 10*h**2 + 22*h - 13. Let p(i) = k(i) - 4*q(i). What is the hundreds digit of p(4)?
7
Let w(u) = 155*u + 1648. What is the thousands digit of w(36)?
7
Let o be 8/12 + (-1)/(-3) + 1031. Suppose 6*d = 14*d - o. What is the tens digit of d?
2
Let p(h) = 122*h**2 - 5*h - 81. What is the units digit of p(-7)?
2
Let f(c) = c**3 - 22*c**2 + 38*c + 45. Let a be f(20). Suppose 4*p - 485 = a*g + 428, -p - 4*g = -202. What is the tens digit of p?
2
Let r = -3340 - -4045. What is the tens digit of r?
0
Let x(u) = -u**2 + 16*u - 44. Let m be x(4). Suppose m*o + 1540 = 4*h, -1937 = -5*h + o + o. What is the tens digit of h?
8
Suppose -3*r + 1082 = -7*z + 9*z, 4*r + 4*z = 1440. Let p = -201 + r. What is the units digit of p?
1
Let y = 226 - 219. What is the hundreds digit of (18/7 - 3) + 8200/y?
1
Suppose 0 = -105*m + 102*m + 12. Let w(a) be the second derivative of a**4/3 + a**3/2 - 5*a**2 - 3*a. What is the units digit of w(m)?
6
Suppose 5*f = -4*c + 7, -8*f + 5*f = 3. Suppose -2*i = c - 5, -y + 195 = 2*i. What is the tens digit of y?
9
What is the hundreds digit of (-11)/((-11)/10617) - 14?
6
Suppose 3*w - 15 = -3*j, 7*j - 5*j - 5*w + 11 = 0. Suppose -b - 2378 = -j*q, 13*b - 3569 = -3*q + 14*b. What is the thousands digit of q?
1
Let h be (0 - 5) + 155 + 4. Suppose 4*d - h = -2*g, -11*d = 3*g - 7*d - 229. What is the units digit of g?
5
Let k be -1*(-2 - 4*-8). Let v be (-8)/(-10) + (-8736)/k. Suppose 0 = -3*j - 2*x + 293, 0*j + 3*j = -x + v. What is the tens digit of j?
9
Suppose -o + 2*s + 10952 = 0, -9*o + 7*o - 4*s + 21944 = 0. What is the ten thousands digit of o?
1
Suppose 9*t - 83 = 34. Let q(f) = 4*f - 36. What is the tens digit of q(t)?
1
Let m(a) = -2*a**3 - 9*a**2 + 6*a - 5. Let d be (-212)/(-2) + -2 + 1 + 0. Let z = -112 + d. What is the tens digit of m(z)?
9
Let h = 3888 + -2709. What is the hundreds digit of 2/9*9 + h?
1
Let o be ((-2188)/24)/((-4)/24). Let b = 315 + o. What is the tens digit of b?
6
Suppose -3*q + 126718 = -5*b, -2*q + 2*b - 4*b = -84500. What is the tens digit of q?
4
Suppose 8*p + 2180 + 1564 = 0. Let a = p + 982. What is the tens digit of a?
1
Let b = -16 + 17. Suppose -5*v + 21 - b = 0. Suppose -3*i - v*i = -427. What is the units digit of i?
1
Let i = 141 + -141. Suppose i*t - 6*t + 2124 = 0. What is the tens digit of t?
5
What is the hundreds digit of -5 + 210/(-126) + 2354/3 - -2?
7
Let n be 1086*(2/(-5))/(21/(-35)). Suppose z - 308 = 3*o, 4*o - 306 + n = 5*z. Let g = 146 + o. What is the tens digit of g?
4
Suppose -9*w + 21*w = -948. Let l = 99 + w. Suppose l*s = 16*s + 308. What is the units digit of s?
7
Let v(p) be the third derivative of -p**4/24 + p**3/6 - 25*p**2. Let s be v(-1). What is the hundreds digit of 1 + (4 - -150 - s)?
1
Let l = 629 + 12875. What is the ten thousands digit of l?
1
Suppose 0 = -3*a - z + 35, a - 4*z + 0*z - 16 = 0. Suppose -4*s + a = 0, 3*m - 1046 = -4*s + 481. What is the units digit of m?
5
Suppose 1398*x = 4*m + 1396*x - 46352, -2*m + 2*x = -23176. What is the thousands digit of m?
1
Let w(m) = 2*m**3 - 82*m**2 + 23*m + 490. What is the hundreds digit of w(43)?
8
Suppose -8*r - 63 = -11*r. Suppose 0 = o - r. Suppose 3*u - 21 = 4*m, -4*u + o = 3*m - 7. What is the units digit of u?
7
Let b(s) be the first derivative of s**3/3 - 3*s**2/2 - 94*s + 101. What is the hundreds digit of b(-19)?
3
Let v = 137 - 70. Let l = -65 + v. Suppose h - 76 = -w, 0*h + h = -l*w + 80. What is the tens digit of h?
7
Suppose -472423 = -25*z + 709827. What is the thousands digit of z?
7
Let v(o) be the third derivative of o**5/3 + 29*o**4/24 - 17*o**3/6 + 25*o**2 + 3*o. What is the thousands digit of v(-10)?
1
Let j = 175 - 171. Suppose -2932 + 962 = -3*c - 2*s, 2*c + j*s = 1300. What is the hundreds digit of c?
6
Let c(i) = 6466*i + 412. What is the units digit of c(3)?
0
Suppose m = -5*m. Suppose 3 = -m*h - h, 4*r = 2*h + 2. What is the units digit of (-33)/3*r - 0?
1
What is the units digit of 1859296/288 + (-4)/(-36)?
6
Let s(b) = -b**3 - 6*b**2 - 3. Let d be s(-6). Let p(r) = 2 + 0*r**2 + 4*r**2 + 3 - 160*r + 156*r. What is the tens digit of p(d)?
5
Suppose 4*q - 3*h - 287 = 0, 0*h + 213 = 3*q - 3*h. Suppose 4*k - 34 = -q. What is the units digit of 9/(-15) - 126/k?
2
Let b = -8094 + 11537. Let u = -37 + 58. Suppose -b = -u*z + 799. What is the hundreds digit of z?
2
Let k(u) = -4*u**3 - 318*u**2 - 437*u - 2. What is the hundreds digit of k(-80)?
7
Suppose -6*i - 193 = 887. Let r(k) = -70*k**2 + 2*k. Let x be r(2). Let t = i - x. What is the tens digit of t?
9
Suppose -17*q = -15*q + 158. Let k = 502 - q. What is the tens digit of k?
8
Suppose 2*g + 2*g - 2*i = 74320, 2*g - 37174 = 8*i. What is the tens digit of g?
7
Let n = 276 - -93. Suppose 4*h - 515 - n = 0. What is the hundreds digit of h?
2
Let i(q) = -3*q - 4 + 5 - 9. Let x be i(-5). Let r(z) = z**2 + 8*z + 2. What is the units digit of r(x)?
7
Let w be ((-1)/2 - -1)/(2/(-56)). Let o = -30 - w. Let p = 21 - o. What is the units digit of p?
7
What is the tens digit of (0 - (-2 + 1)) + (18 - -5978)?
9
Let o(a) be the second derivative of -a**4/6 + 10*a**3/3 + 7*a**2/2 + 9*a. Let i be o(15). Let n = -83 - i. What is the units digit of n?
0
Let n = 12 + -21. Suppose 512*f - 501*f = -11. What is the tens digit of f/3*(-45 + n)?
1
Let z = -98 - -111. Let v be (1090/(-40))/(z/(-12) + 1). Suppose r + 0*r + 3 = 0, 4*k - r - v = 0. What is the units digit of k?
1
Suppose -21387*j + 21369*j = -24084. Suppose 3*h + 2 = -4, -5*g - 4 = 2*h. Suppose 6*l = -g*l + j. What is the units digit of l?
3
Suppose -r + 0*r = 3*r. Suppose -4*x - 92 = 4*v, 2*v + r*v + x = -44. Let c(y) = y**2 + 19*y + 16. What is the units digit of c(v)?
8
Let z = -23 + -1. Let k = -2920 - -2810. Let m = z - k. What is the tens digit of m?
8
What is the units digit of (-748 + 4)*5*27/(-90)?
6
Suppose 3*t - 20 = -5*p, 5*t - p - 3 = 21. Suppose -t = 2*b - 1. What is the units digit of 3/6*b - -12?
1
Suppose -5*u = -15*u + 29350. Suppose -8*o - 215 + u = 0. What is the units digit of o?
0
Suppose -o = -2*z - 8, 0*o = 3*o - 4*z - 16. Suppose -p = -2*n - 1787, -2*p - 2*p - 5*n + 7161 = o. What is the thousands digit of p?
1
Let j(o) = -o**2 + 76*o + 8. Let l(f) = 19*f + 2. Let d(q) = -2*j(q) + 9*l(q). Let i be d(-14). Suppose 0 = 3*k - 2*k - i. What is the hundreds digit of k?
1
Suppose -82*a + 68 = -65*a. Suppose -3*j - 6*p + 1566 = -9*p, -3*j + a*p + 1563 = 0. What is the tens digit of j?
2
Let s be (-3)/18*3*-6. Let j(g) = -3*g - 12. Let c be j(s). What is the tens digit of 7/c + 1*148/3?
4
Suppose 6*y - 8*y + 6 = 0. Suppose -7 + 6 = -q - w, y*w + 37 = 5*q. Suppose -q*z = -410 - 25. What is the tens digit of z?
8
Let i(b) = -5 - 5*b + b - 2*b**2 + 3*b**2 + 11. Let u be i(3). Suppose 3*t - 421 + 55 = -l, u*t - 354 = -5*l. What is the tens digit of t?
2
What is the hundreds digit of 402/((-13 + 37250/2870)/(80/(-28)))?
9
Let m(f) be the first derivative of f**4/2 + 7*f**3 - 10*f**2 - 24*f + 108. What is the hundreds digit of m(-10)?
2
Suppose 0 = 4*s + 5*o - 16661, 3*o = 5*s - 3401 - 17416. What is the hundreds digit of s?
1
Suppose -4 = -3*c + 4*h, c - h = -3*c + 1. Suppose c = 5*v - 123 - 912. Suppose 0 = 3*w + 6, -4*k + w + 115 + v = 0. What is the tens digit of k?
8
Suppose -y + 100619 = 3*o, -2735 = -o + y + 30814. What is the thousands digit of o?
3
What is the units digit of ((-2421)/1345)/(-1 - (-2988)/2990)?
1
Let f = 302 - 308. What is the units digit of (-145)/((-9)/f - 2)?
0
Suppose 9*c - 1136 = -4*h + 8*c, h + 4*c - 269 = 0. Let z = h + 442. What is the units digit of z?
7
Suppose 0 = -n - 3*q - 2*q + 15, 2*n = -5*q + 25. Suppose -5695 = -n*c - 1065. What is the tens digit of c?
6
Suppose 22557 = -2435*y + 2438*y. What is the units digit of y?
9
Let s = 951 + -500. Let b = 963 - s. What is the tens digit of b?
1
Let p = 28 + -4